s - 1 + d. Suppose 16 = u + r. What is the tens digit of u?
1
Suppose 0 = -0*o - 2*o + 8. Suppose -3*s + 5*j = 3*j - 52, -o*s - j = -84. What is the units digit of (15/s)/(1/4)?
3
Let g(r) = r**2 - 2*r + 4. Let q be g(3). Let o = 0 + q. What is the units digit of o?
7
Let a = 0 + -5. Let n be (-3 - (-3 - a))*-6. Suppose -c = 2*c - n. What is the tens digit of c?
1
Suppose 5*j = -4*q + 574, 1 = j - q - 121. Suppose s = 4*w - j, -4*s = -3 - 5. What is the units digit of w?
0
Let g(y) = -4*y**2 - 5*y - y**3 - 2 - 2 + 0*y. Let p be (-3)/(-18) - 38/12. What is the units digit of g(p)?
2
Suppose -16 - 12 = -h. What is the units digit of h?
8
Let h(o) be the third derivative of o**5/60 + o**3 - o**2. What is the units digit of h(0)?
6
Suppose -u + 2 = 3. Let i be ((-3)/6)/(u/(-8)). Let f = i - -7. What is the units digit of f?
3
Let s = 26 + 22. What is the tens digit of s?
4
What is the tens digit of 20/40 - (-137)/2?
6
Let y(p) = 6*p - 4. What is the units digit of y(4)?
0
Let w(a) = -a**3 - 4*a**2 + 8*a - 2. What is the tens digit of w(-6)?
2
Let u(l) = 69*l**2 - l + 2. What is the tens digit of u(1)?
7
Let l be (-106)/(-8) - (-1)/(-4). Let b(d) = -d**3 - 6*d**2 + 7*d + 6. Let j be b(-7). Let o = l - j. What is the units digit of o?
7
Suppose 230 - 986 = -4*b. What is the hundreds digit of b?
1
Let t(r) = 0 - 4 - 3*r + 2. Suppose 2 = -2*a - 4. What is the units digit of t(a)?
7
Suppose -5*b + 3*b = 4. Let a be (-25)/b - 2/(-4). What is the tens digit of (2 + a)*(-6)/(-5)?
1
Let f(b) = b**2 + 15*b - 55. What is the hundreds digit of f(9)?
1
Let x(c) = 3*c**3 + 3 - 2*c**3 - c**2 + c + 0*c + 9. What is the units digit of x(0)?
2
What is the units digit of 23/(-3 + 6 - 2)?
3
Suppose 2*p + 109 = z, 6 = -3*z + z. Let b = -23 - p. Suppose -b = -2*t + 5*y, 0*t - y = -2*t + 21. What is the units digit of t?
9
Suppose 0 = 3*v + 1 + 2. Let j be (0 + 0)/(2/v). Suppose 2*s = -x - 2*x + 10, j = -s + 2*x + 12. What is the units digit of s?
8
Let m = 9 - 6. Suppose 0 = m*j + 31 - 10. Let u = 13 + j. What is the units digit of u?
6
Suppose 38 = -y - 4*l - 0*l, 4*y - 4*l = -72. Let t = y - -44. What is the units digit of t?
2
Let p(t) = t**3 + 3*t**2 - 3*t - 4. Let c be p(-3). Suppose 4*b = 4*s, 0*s + s - 3 = 0. Let q = c + b. What is the units digit of q?
8
What is the hundreds digit of 2/(-13) + (-67694)/(-442)?
1
Let b = 170 - 82. What is the tens digit of b?
8
Suppose 2*b = -k + 4, 0 = -k - 2*k - 5*b + 11. What is the units digit of k?
2
Let k = -41 + 121. Suppose -2*w - k = -3*a, -w = 2*w + 12. What is the tens digit of a?
2
Let m = -39 - -75. What is the tens digit of m?
3
Let x(a) = a. Let w = -9 + 6. Let o be x(w). What is the units digit of (-23)/(-3) - (-2)/o?
7
Let l = -2 + 8. Suppose 0 = -0*p - p + l. What is the units digit of p?
6
Let l(j) = 112*j**2 - j. Let a be l(1). Let h = a - 73. Let t = h - 25. What is the tens digit of t?
1
Suppose -4*r = 5*m - 41, -m = -2*m + 1. Suppose 5 = 2*c - r. Let w = 17 - c. What is the units digit of w?
0
Suppose t = -1 - 3. Let v = 16 + t. What is the units digit of v?
2
What is the units digit of (3/2)/(2/4)?
3
Let i = -27 - -31. What is the units digit of i?
4
Let i be (6/4)/((-2)/(-4)). Let m = 10 + -6. Suppose -10 = -l - 4*b + 10, 2*l = i*b - m. What is the units digit of l?
4
Let i(h) = -h - 1. Let x = -2 - 1. Let w be i(x). Suppose -w*p - 5*u = -6*u - 18, -5*p + 42 = -u. What is the units digit of p?
8
Suppose 0 = -v + 3*v - 16. Suppose j - 3*j = -v. What is the units digit of j?
4
Let l(o) = -3 + 11*o**2 + o**3 - 3*o**2 + 8*o - 6*o. What is the tens digit of l(-7)?
3
Let f(l) = 2*l - 6. Let g be f(5). Suppose -2*b + 4 = -g. What is the units digit of b?
4
Suppose 15 = 7*r - 2*r. Let y(k) = 7*k**2 - 9*k + 0 - k**r + 0*k**3 - 2 + 2*k**3. What is the units digit of y(-8)?
6
Let s be 0/(-3 - -5 - 1). Let m = 11 - -3. Suppose 0*c - c + m = s. What is the units digit of c?
4
Let d = -47 - -88. What is the tens digit of d?
4
Let d(o) = -50*o - 1. What is the units digit of d(-2)?
9
Suppose 0 = -4*p + 2 + 6. Let g be 1 + -1 + 5 + 19. Suppose g = 2*x - p*r, 3*x - 7*x + 44 = -2*r. What is the tens digit of x?
1
Suppose -3*i = -u - i + 15, -25 = -3*u + i. Suppose -2*f - 55 = -u*f. What is the units digit of f?
1
Let x be (4/(-10))/((-4)/340). Let k = -21 + x. What is the units digit of k?
3
Let x = 14 + -2. Suppose 4*p + x = 7*p. What is the units digit of p?
4
Suppose 3 - 28 = -5*z. Suppose 2*c - 50 = -z*j + 7*c, -2*j + 19 = -3*c. What is the tens digit of j?
1
Let i(m) = 4*m**3. Let o be 2/4 - (-6)/12. What is the units digit of i(o)?
4
Let o be -1 + 2 - (-2)/(-2). Let q = o + -3. What is the units digit of (18/(-15))/(q/10)?
4
Let o(h) = 3*h**2 - 5*h - 6. Let s(m) = -m**2 + m - 1. Let z(q) = o(q) + 2*s(q). What is the units digit of z(6)?
0
Let w(l) = l - 10. Let c be w(10). Suppose -6*r + r + 95 = c. What is the units digit of r?
9
Let m(l) = l**2 - 8*l + 4. Let g(s) = s**2 - 9*s + 5. Let o(n) = -2*g(n) + 3*m(n). What is the units digit of o(7)?
9
Let a(q) = -6*q**3 + 2*q**2 - 4*q + 5. Let k be a(2). Let s = k + 64. What is the tens digit of s?
2
Suppose 0*c - 3*c = -18. Suppose 2*r + r = -2*v - 6, -3*v + c = -3*r. Let x(o) = -o**3 - o + 3. What is the units digit of x(v)?
3
What is the units digit of 6/((-1)/4*-6)?
4
Suppose -2*h = 9 + 3. What is the units digit of (-12)/(-2)*h/(-12)?
3
Let z(y) = 16*y - 7. What is the units digit of z(5)?
3
Let g(l) = 4*l**2 + 62*l - 5. What is the hundreds digit of g(-19)?
2
Let c = 16 + -22. What is the units digit of 2*(-3)/c - -2?
3
Let u(y) = y**2 + 6*y + 6. Let o(v) = -v**2 - v - 1. Let p be o(-2). Let i be (-2 - (2 + p))*5. What is the units digit of u(i)?
1
Let n = 49 + 19. What is the tens digit of n?
6
Let c(y) = -2*y + 4. Let t be c(3). What is the units digit of 1 + 4 + -2 + t?
1
Let x(z) = -z**3 - z**2 + 9. Let y be (2 - (0 + 3))*0. What is the units digit of x(y)?
9
Suppose -2*z = 5*b - 116, -4*b - 8*z + 10*z + 82 = 0. What is the units digit of b?
2
Let i(a) = a**2 - 6*a + 5. Let k be 3/9 - (-11)/3. Let h be i(k). What is the units digit of (3 - 0) + h + 1?
1
Let m(k) = 2*k**2 + k - 6. What is the units digit of m(3)?
5
Suppose -i - 24 = -l, 2*i = 3*i + 1. What is the units digit of l?
3
Suppose -x = h - 2*x + 1, -1 = 4*h - 5*x. Let w = -5 - h. What is the units digit of w/1 + (4 - -2)?
5
Suppose 10*z - 12*z + 314 = 0. What is the units digit of z?
7
What is the units digit of (-1*(-1)/3)/((-2)/(-1878))?
3
Suppose 0*q = -3*q. Suppose q = -4*p + 3*p + 10. What is the tens digit of p?
1
Suppose 5*r - 4*l - 123 = 472, -r + 143 = 4*l. What is the tens digit of r?
2
Let h = 6 - 4. Suppose -h*b - 6 = -i - 28, 3*i - 34 = -4*b. What is the units digit of b?
0
Suppose 2*c = -52 + 430. What is the hundreds digit of c?
1
Suppose x - 24 = 24. Suppose -n - 24 = -g, 2*g - x = -0*n - 2*n. What is the units digit of g?
4
What is the tens digit of (2/(-3))/(4/(-144))?
2
Let n(p) be the first derivative of p**4/4 + 7*p**3/3 + 2*p**2 - 1. What is the units digit of n(-6)?
2
Suppose 3 = 5*h - 12. Let j = h + -1. What is the units digit of (6/(-5))/(j/(-15))?
9
Suppose -2*i + 324 = 2*i. What is the units digit of i?
1
Suppose -2 = t - 4. Suppose 0 = -4*z + t*z - 10. What is the tens digit of (-28)/(-8)*(-1 - z)?
1
Suppose -88 = -2*c + 2*f, -3*f + 4*f - 166 = -4*c. Suppose -c = -0*u - 3*u. Let q = -7 + u. What is the units digit of q?
7
Let k = 3 + -1. Suppose -k*s + 20 = 3*o, 7 = o + s - 1. Let r = -3 + o. What is the units digit of r?
1
Let i be 1*((-9)/(-3) + -24). Let k be ((-2)/(-2)*-31)/1. Let q = i - k. What is the units digit of q?
0
Let n(z) be the second derivative of 1/20*z**5 - 3/2*z**3 + 0 + 3*z + 1/2*z**4 - 2*z**2. What is the tens digit of n(-7)?
1
Let g(j) = j**3 - 7*j**2 - 8*j + 5. Let y be -2 + (-10)/(-1)*1. What is the units digit of g(y)?
5
Let t = 6 + -2. Suppose 3*x + 3*i = 3, -t*x - 2*i + 18 = 4. Suppose -x - 3 = -a. What is the units digit of a?
9
Let k = 4 - 4. Suppose 24 = -k*g + 3*g. Suppose 2*j - g = 14. What is the units digit of j?
1
Let o(a) = -5*a**3 - a - 2. What is the units digit of o(-2)?
0
Let y = -35 + 69. What is the tens digit of y?
3
Let y(l) = -l**3 - 16*l**2 - 13*l + 21. Let x be y(-15). What is the tens digit of -1 + 52 - x/(-3)?
4
Suppose 